 - 45*g**3. List the prime factors of a(5).
5, 23
Suppose 8*z - 6*z = -78. List the prime factors of (-6)/z - 24720/(-39).
2, 317
List the prime factors of ((-24226132)/193)/(7/(-2)).
2, 4483
What are the prime factors of (-436)/6*(150/(-175))/(2/14)?
2, 109
Suppose -60*x + 786420 = 30*x. List the prime factors of x.
2, 17, 257
Suppose -2*l = l - 9. Suppose l*i - i = 10. List the prime factors of -6*i/(-4)*8.
2, 3, 5
Let v(y) = 2*y**2. Let i(s) = -10*s**2 - 27*s - 38. Let c(r) = -i(r) - 4*v(r). What are the prime factors of c(-19)?
13, 19
Let q be (4 + -6 - 3) + 2173. Let h = q - 828. What are the prime factors of h?
2, 5, 67
Let l = 43352 - -21710. List the prime factors of l.
2, 32531
Let p = -860 - -2704. List the prime factors of p.
2, 461
Let w(h) = -h**3 - 49*h**2 - 42*h - 1474. What are the prime factors of w(-52)?
2, 11, 401
Let a(g) be the third derivative of g**5/60 - 11*g**4/12 - 8*g**3 + 6*g**2. What are the prime factors of a(25)?
3
Let c(s) = s**3 + 20*s**2 - 84*s - 55. List the prime factors of c(-16).
3, 257
Let d = 18 + -13. Suppose -d*b + 15 - 60 = -y, -4*y + 36 = -2*b. Let z(r) = -r**3 - 7*r**2 + 5*r - 2. What are the prime factors of z(b)?
2, 11
Let k(c) = -313*c**3 - 7*c**2 - 223*c - 866. What are the prime factors of k(-4)?
2, 9973
Let o(c) = c**3 + 0 + 8*c + 5 + 9*c + 15*c**2 - 4. Let y be 18*(63/27 + 5 - 8). List the prime factors of o(y).
229
Let a be (-174)/(-10) + (-6)/15. What are the prime factors of (52 + -60)/(1 - 18/a)?
2, 17
Let m be (2 + 8)/(-10*8/(-2560)). Suppose -6*n + m = 2*b - 5*n, n - 794 = -5*b. List the prime factors of b.
2, 79
List the prime factors of 28392/1 - (-11 + (-1 - -2) - -7).
3, 5, 631
Let p be 1*(12 - 6) - 4. List the prime factors of (-4)/(-18) + (-2009)/(-63)*p.
2
Suppose -88*k = 32*k - 965880. What are the prime factors of k?
3, 2683
Let y(w) = -w**3 - 104*w**2 - 117*w - 1331. List the prime factors of y(-107).
5, 7, 1301
Let t = 106 + -102. Suppose n + t*g - 342 = 0, 2*n + g = 37 + 682. What are the prime factors of n?
2, 181
Let w(i) = 1883*i + 24011. List the prime factors of w(0).
13, 1847
List the prime factors of 13395 - (36 - (-14 + 34)).
17, 787
Let a = 458 + -979. Let y = a + 2314. What are the prime factors of y?
11, 163
Let t(y) = -6*y**3 + 20*y**3 + 2*y - 13*y**3 - 38 + 23*y**2 + 8*y. List the prime factors of t(-9).
2, 503
Let h = -31 + 35. Suppose 3*s + 5*n = 62, 0 = -6*n + 5*n + h. What are the prime factors of s?
2, 7
Let n = -3090 + 11902. List the prime factors of n.
2, 2203
Let f(g) = g**2 + 13*g + 34. Let s be f(-10). List the prime factors of 1/(s/(-7 - -3159)).
2, 197
Suppose 0 = 2*u - 2, 5*n - 6 - 19 = -5*u. Suppose n*h + 3*h = 1883. Suppose 2*t + 5*c + 445 = 7*t, -3*t + 4*c = -h. List the prime factors of t.
3, 29
Suppose -6 = r - 9. Suppose 0 = -5*k + 2*g + 85, -g + r*g - 29 = -k. Suppose -2*h + k = -95. What are the prime factors of h?
3, 19
Let r(p) = 3671*p + 158. What are the prime factors of r(7)?
5, 5171
Let f = -258 - -408. Let r = 747 - f. List the prime factors of r.
3, 199
Let m = 10362 - -1499. List the prime factors of m.
29, 409
Suppose 44374 = j - 21*j + 218754. List the prime factors of j.
8719
Let i be (-23)/(-7) - (-46)/(-161). List the prime factors of (544/3)/(2/i).
2, 17
Suppose 4*v - 249647 = 5*q, 3*q = 216*v - 214*v - 124827. List the prime factors of v.
3, 11, 31, 61
Let l = -3009 - -5125. List the prime factors of l.
2, 23
Let d = 4417 + 6857. List the prime factors of d.
2, 3, 1879
Let c(z) = -4*z**2 - 2*z - 2. Let q be c(-1). Let b be -3 - 18/q - (-13)/(-2). What are the prime factors of (-16)/40 + ((-372)/b - -2)?
2, 19
What are the prime factors of (-6 - -14) + 9415 + -2 + -1?
2, 3, 5, 157
Let w be 2753 - ((2 - 7) + 1). Suppose w - 6947 = -10*r. Let l = r + -148. List the prime factors of l.
271
Let t = 29 - 25. What are the prime factors of ((-6)/t)/(10/4260*-9)?
71
What are the prime factors of (-1219743)/(-81) - (-72)/162?
11, 37
Let p be (-1)/2*4*-1. Suppose -2*w + k + 574 = -20, 0 = 4*w + p*k - 1188. What are the prime factors of w?
3, 11
Let o be 5/(15/6) - 0. Suppose 0 = -4*b - g + 1990, 557 + 433 = 2*b - o*g. List the prime factors of b.
7, 71
Suppose 8*w = -10*w + 74300 + 223528. What are the prime factors of w?
2, 8273
Let k be (-4 - (-11 - -2))*148/10. Let y = 98 - k. What are the prime factors of ((-82)/4)/((-6)/y)?
2, 41
Let u(b) = -b**3 - 4*b**2 - 11*b - 7. Suppose 4*t = -t + 165. Suppose t = -2*r + 23. List the prime factors of u(r).
73
Let k(w) = -3*w + 5*w**2 + 2 + 7*w + 4. Suppose -3*d + s = 7, 5*d + 2*s = 8*d + 5. What are the prime factors of k(d)?
3, 13
What are the prime factors of (-3*5361)/((-85)/85)?
3, 1787
Let x = -107 + 623. Let b = 675 + x. List the prime factors of b.
3, 397
Let l be (-2)/(-16) + 1150/(-368). What are the prime factors of 641 - (-12 - l)/(-3)?
2, 11, 29
Let x(l) = 4*l**3 - 2*l**2 - 7. Let g be x(3). Let p = -43 + g. Suppose -p = -4*c + 176. What are the prime factors of c?
2, 3
Let g be (-3 - 663/65) + (-6)/(-5). Let u(k) = 2*k**3 + 27*k**2 + 29*k + 50. List the prime factors of u(g).
2, 67
Let b(j) = -152*j**2 - 15*j - 25. Let q be b(-2). Let w = q + 802. What are the prime factors of w?
199
Suppose 0 = 5*r - 3*m - 33650, 39*r - 13469 = 37*r + 3*m. List the prime factors of r.
7, 31
List the prime factors of (-3992660)/(-475) - (-6)/(-10).
5, 41
Let u = 2768 + 4422. List the prime factors of u.
2, 5, 719
Let o be (-26 - (-18)/(-6))*1/1. Let z = o - -24. Let i(h) = h**3 + 8*h**2 - 3*h + 6. What are the prime factors of i(z)?
2, 3
Let x(c) = -21*c - 19. Let f = -130 - -118. What are the prime factors of x(f)?
233
Let p = 488 + -497. List the prime factors of (-4 - p)*(-132)/(-15).
2, 11
Suppose 9*w = 4*w + f - 1485, -586 = 2*w - 2*f. Let i = w - -435. What are the prime factors of i?
137
Let z(j) = -j**3 - 14*j**2 + 102*j + 373. What are the prime factors of z(-25)?
2, 3, 29
Let u(d) = d**3 + 6*d**2 + 6*d + 11. Let w be u(-5). Suppose 2*v = w + 2. Suppose -65 = -v*z - 3*i, -5*z = 3*i - 8*i - 125. List the prime factors of z.
2, 5
Suppose 0 = -2*o + 6*f - 3*f + 5745, 2*o = -3*f + 5715. Suppose -4*w + 26*m - 23*m = -o, -m - 3 = 0. List the prime factors of w.
2, 3, 7, 17
Let k be (-212)/(-1) + (-20)/((-20)/5). What are the prime factors of k + (-46)/437 + 42/38?
2, 109
Suppose 57804 = 5*h + 4*n - 17933, -4*h + n + 60598 = 0. What are the prime factors of h?
15149
List the prime factors of (-42789035)/(-940) + 3/(-12).
2, 5, 569
What are the prime factors of 36843*(-12)/72*-2?
12281
Let w(s) = 517*s + 24. Let g be w(-2). Let i = g + 1741. What are the prime factors of i?
17, 43
Let h(a) = 3*a**2 + 31*a - 16. Let l be h(-11). Suppose -2*r + 3*b + 1096 = 0, -l*b = -r - 11*b + 522. What are the prime factors of r?
2, 271
Suppose 275446 = -34*i + 934196. List the prime factors of i.
5, 31
Suppose -16*y + 18 = -7*y. Suppose 5*r - 1617 = -2*k - 71, y*r + 8 = 0. List the prime factors of k.
3, 29
Let d(o) = -2*o**3 - 3*o**2 - 4*o - 7. Let z be d(-2). Suppose -4*x + 4376 = -4*m, -9*x - 5*m + 4385 = -z*x. What are the prime factors of x?
3, 5, 73
List the prime factors of 50/20 + (10258/4 - 1).
2, 1283
What are the prime factors of (280/80 - (-27506)/(-4))*-3?
3, 29, 79
Suppose 49*v + 20*v - 1417536 = 0. List the prime factors of v.
2, 3, 107
Suppose -169*a = -24*a - 8855005. What are the prime factors of a?
173, 353
Suppose -4*h + 18 = -5*h. Let y be ((-28)/84)/(-1 - 17/h). Suppose 144 = 5*v - y. List the prime factors of v.
2, 3, 5
Suppose 0 = -14*a + 8*a - 156. List the prime factors of (-3315)/(-9) + a/(-39).
3, 41
List the prime factors of -13 - (-3 + -12) - -19263.
5, 3853
Suppose 3*p + 5*m - 1844 - 642 = 0, 3*m = 12. Suppose 2*l = 2*i + p, 0 = -5*i - 2 + 7. What are the prime factors of l?
2, 103
Let n(r) be the third derivative of -49*r**4/12 + 7*r**3/6 + 12*r**2. Let t be n(-2). Suppose 5*o - 367 = t. What are the prime factors of o?
2, 3, 19
Let n be (-65)/26 - 13/(-2). Suppose -n*k = -5 - 43. Suppose 3*r - r = k. List the prime factors of r.
2, 3
Let k = 642 - 636. Suppose 28*b - k*b = 26532. What are the prime factors of b?
2, 3, 67
Suppose -516 = a + 60. Let n = a - -1002. What are the prime factors of n?
2, 3, 71
List the prime factors of (9266/5 + 8)/((-24)/(-160)).
2, 3, 11, 47
Le